25 = q*o. What are the prime factors of o?
2, 3, 19
Suppose 0 = 3*z + 4*h - 6 + 4, 0 = 5*h - 10. Let l(w) = -12*w**3 + 3*w**2 + 8*w - 1. List the prime factors of l(z).
7, 13
Let d(c) = -2*c - 17. Suppose -2*u - 35 = 5*l, 11 = -l - 2*u + 4. Let q be d(l). Let g(s) = -27*s + 3. List the prime factors of g(q).
2, 3, 7
Let l = 22570 + -13180. List the prime factors of l.
2, 3, 5, 313
Let k(s) = -2*s**3 - 15*s**2 - 93*s - 17. Let d(c) = -c**3 - 26*c**2 - 34*c - 233. Let q be d(-25). List the prime factors of k(q).
7, 113
What are the prime factors of 274330/30 - (-24)/36?
5, 31, 59
Let g = 6060 + -3633. What are the prime factors of g?
3, 809
Let m = -2974 + 14474. List the prime factors of m.
2, 5, 23
Suppose -23*p - 762 = -6512. Let z = p + 505. What are the prime factors of z?
5, 151
Let x be 34/68 - (-83086)/4. Suppose -19*q + 7*q + x = 0. What are the prime factors of q?
3, 577
Let v(j) = j - 26. Let m be v(38). Suppose m*p + 1811 = 15839. What are the prime factors of p?
7, 167
Let d(g) = 31*g**2 + 7*g + 4. Let j be d(-2). Suppose -2194 = -4*n - j. What are the prime factors of n?
2, 5, 13
Let s be 6 - (5 - 5)/(-3) - 3. List the prime factors of (s/6 + (-2167)/(-2))/2.
2, 271
Suppose 3*j - 28 = 4*t, 2*j + 28 = -0*t - 2*t. Let v be 34/102 + t/(-6). List the prime factors of ((-255)/v)/(4/(-8)).
3, 5, 17
Let c(p) = 23*p**2 - p - 6. Let h(x) = 24*x**2 - x - 7. Let k(j) = 5*c(j) - 4*h(j). Let i be k(-2). Let v = 71 + i. List the prime factors of v.
3, 7
Let r = -328 - -488. Let w = -26 + r. What are the prime factors of w?
2, 67
Let k(x) = 12*x - 93. Let p(m) = -2*m + 78. Let o be p(15). What are the prime factors of k(o)?
3, 7, 23
Let x = -4320 + 6906. List the prime factors of x.
2, 3, 431
Suppose 12 = 3*c - 9*m + 8*m, 5*m = 0. Let j(q) = -56*q + 27. Let i(n) = 28*n - 13. Let b(f) = 7*i(f) + 3*j(f). What are the prime factors of b(c)?
2, 3, 17
Let k(h) be the first derivative of 5*h**3/3 + 19*h**2/2 - 31*h + 242. List the prime factors of k(17).
3, 193
Let l = 33589 - 1756. List the prime factors of l.
3, 131
Suppose 3*c + 3*d = -0*c + 537, -543 = -3*c - d. Suppose 0 = -0*i - i + c. Suppose -4*f + i = -186. What are the prime factors of f?
2, 23
Let h = -6174 + 12189. Let o be h/27 - 6/(-27). Suppose 5*q - 319 = 2*i, 5*q - 88 = -2*i + o. What are the prime factors of q?
3, 7
Let m(z) = -2*z + 4. Let u be m(-4). Let s(y) = y**3 - 6*y + u*y - 21 - 5*y + 13*y**2 + 13*y. What are the prime factors of s(-11)?
67
Let k(t) = -2 + 2 + 4 + 12*t**2 - 3. Let h be k(-1). Suppose -o = -36 + h. List the prime factors of o.
23
Let r = -41 - -65. What are the prime factors of (318/r - 7)*16?
2, 5
Let q(w) = 1004*w**2 + 295*w - 2099. What are the prime factors of q(7)?
2, 47, 523
Let l = -697 - -2437. Let o = l - 1042. List the prime factors of o.
2, 349
Suppose 23*a = -2*a - 175. List the prime factors of (8 + a)/(3/990).
2, 3, 5, 11
Suppose 2*v = -2*z - 30, 5*z = -2*v + 7*v - 105. Let c = z + 549. List the prime factors of c.
3, 59
Suppose 3*c - 67 = -4. Let p be 22/6 - (-28)/c. Suppose 5*y = -3*l + 220, -4*l + 6 = -p*y - 334. List the prime factors of l.
2, 5
Let y(m) = -28*m - 41. Suppose -3*i = 3*i + 24. List the prime factors of y(i).
71
Suppose 3*m = 3*r - 1353, 2249 = -27*r + 32*r - 3*m. Let z = r - -58. What are the prime factors of z?
2, 11, 23
Let a be ((-48)/(-32))/(3/8). Suppose -5*w - a*y + 8297 = 0, 3*y = 10*w - 5*w - 8276. What are the prime factors of w?
1657
Let h = 7885 - 1963. What are the prime factors of h?
2, 3, 7, 47
What are the prime factors of (-90)/144 + (-423514)/(-16)?
3, 17, 173
Suppose 3*t = -4*y - 9, -4*t - 15 = 4*y - 3. Suppose -4*p = y, 5*h - 506 - 2574 = 2*p. List the prime factors of h.
2, 7, 11
Let o be 6/(-2)*7/21. Let u be -1 + (o + -5)/(5 + -7). Suppose -u*n + 7*n = 515. List the prime factors of n.
103
Suppose 2*q = 4*o - 2*q - 13516, 0 = 5*o - q - 16875. Let p = -1927 + o. What are the prime factors of p?
1447
Let h(l) = 13847*l**2 + 22*l + 6. What are the prime factors of h(2)?
2, 53, 523
Suppose -5*q - 467 - 935 = -y, -3*q - 6922 = -5*y. Let v = y - 548. List the prime factors of v.
2, 3, 139
Let w = 15 - 23. Let g be (7 + w/1)/(2/(-8)). List the prime factors of 2/g + (-243)/(-6).
41
List the prime factors of 4169 - ((-7 - -2) + 0 + (2 - -7)).
5, 7, 17
Suppose -2*o + 0*o = 0, -12 = -2*a - 3*o. Let b be a/(-4)*(-24)/9. What are the prime factors of 128/2 - (b - 1)?
61
Suppose r - 4*n = 17584, 3*r = 3*n + 54692 - 1949. What are the prime factors of r?
2, 3, 5, 293
What are the prime factors of ((-3)/(-9))/((-3)/(-35523))?
3947
Suppose -4*r + 6*c + 529 = c, -4*r - 5*c + 479 = 0. List the prime factors of (5 - r/4)*-6.
3, 53
Let r be ((-9)/(-6))/((39/(-12762))/(-13)). Suppose 0 = 16*l - 25*l + r. List the prime factors of l.
709
Suppose -f + 17452 = -3*z, -3*f + 52348 = -54*z + 49*z. What are the prime factors of f?
2, 11, 13, 61
Let w be 18/27 + 10/3. Suppose -3*q - u - 2*u + 1818 = 0, -1230 = -2*q + w*u. Suppose 4*s = 5*b + 3*s - q, 5*b = 5*s + 605. List the prime factors of b.
2, 61
List the prime factors of (-17)/(-204)*-6 + (-22234)/(-4).
2, 7, 397
Let d(l) be the first derivative of 110*l**3/3 + 3*l**2 + 14*l - 106. What are the prime factors of d(-2)?
2, 13, 17
Let w(x) = 76*x + 1365. List the prime factors of w(23).
11, 283
Let s = 5991 - 2649. Suppose 41*n - s = 43480. List the prime factors of n.
2, 571
Let c = -123 + 148. Suppose o + n - 44 - 248 = 0, 0 = -5*n + c. List the prime factors of o.
7, 41
Suppose 2*x + 5*v - 6*v + 283 = 0, 2*x - 2*v + 282 = 0. Let s = -138 - x. Suppose -5*f - 5*n + 597 = -383, -s*n = -4. What are the prime factors of f?
3, 5, 13
Let i(d) = -d + 2*d + 2 - 5 - 2*d. Let g be i(-6). Suppose 4*x + g*t = 151 + 27, -39 = -x + 2*t. What are the prime factors of x?
43
Let a(c) = -7*c + 12. Let i be a(1). Suppose 152 = f - 5*u, 0*u = i*f - 2*u - 852. What are the prime factors of f?
2, 43
Let j(v) = v**3 - 54*v**2 + 6*v + 322. List the prime factors of j(55).
3677
Let g be ((152/12)/(4/102))/1. Suppose -4*n = -g - 117. List the prime factors of 20/n - (-1800)/22.
2, 41
Let n = -9076 + 38637. What are the prime factors of n?
7, 41, 103
Let f = -13812 - -25309. What are the prime factors of f?
11497
Suppose 2 = -2*p + 78. Suppose 3*n - p - 2 = -j, -5*j + 4*n + 200 = 0. Suppose 4*q + 157 = 3*s, 2*s + 4*q - 38 = j. List the prime factors of s.
47
Let f(v) = v**2 - 3*v + 8. Let m be f(7). Let g = 40 - m. Suppose g*n + 6*d - 288 = 2*d, -5*n - d = -380. List the prime factors of n.
7, 11
Let z(a) = -34*a - 3. Suppose 6*y - 4*y = 4. Suppose 0 = -y*u - 7 + 1. What are the prime factors of z(u)?
3, 11
Let b(k) = 25*k**2 - 16*k - 595. List the prime factors of b(-19).
2, 11, 397
Suppose -3*n = 14*s + n - 303578, 0 = -s - 2*n + 21691. List the prime factors of s.
21683
Let m(j) = -62*j**3 + 0 + 15 + 13 - 7*j + 63*j**3 - 21*j**2. Let b be m(22). Suppose b = 2*f - 0*f + 2*o, 5*o - 717 = -4*f. What are the prime factors of f?
2, 89
Suppose -f + 597 = 4*n - 34264, -34866 = -4*n - 2*f. List the prime factors of n.
2, 4357
Let r(g) = -13916*g - 1640. List the prime factors of r(-3).
2, 37, 271
Suppose -9*l = -5*s - 11*l - 57, -2*l + 42 = -4*s. Let i(g) = -8*g - 46. What are the prime factors of i(s)?
2, 3, 7
Let s = 226 - 224. List the prime factors of -5*(s - (-582)/(-10)).
281
Let g be (5 + -3)*(-21)/2. Let p = -103 + 90. Let s = p - g. What are the prime factors of s?
2
Suppose 0 = 2*r - 10*r + r. Suppose r = 2*w - 967 + 165. List the prime factors of w.
401
Let j(t) = -42*t**3 - 15*t**2 + 15*t + 5. Let n(x) = 21*x**3 + 7*x**2 - 7*x - 2. Let p(s) = 4*j(s) + 9*n(s). What are the prime factors of p(2)?
2, 11
Let d = -76 + 73. Let i be (0 + 1)/(-4 + (-13)/d). What are the prime factors of 1 + -1 + -1 + i + 53?
5, 11
Suppose -225084 - 1994017 - 228503 = -393*j. List the prime factors of j.
2, 3, 173
Let f = -2114 + 5414. What are the prime factors of f?
2, 3, 5, 11
What are the prime factors of (-3472521)/(-468) + (-1)/(-12)?
2, 5, 7, 53
List the prime factors of 1 + 1 + 1988 - 2/(-2).
11, 181
Suppose 345*w - 1017662 = 562750 + 367113. What are the prime factors of w?
5, 1129
Let i(f) = f**2 - 4*f + 22. Let v(o) = 5*o**3 + 2*o**2 - 2. Let u be v(1). Suppose 2*y = 4*l - 2*l - 28, -3*y = u*l - 78. What are